{"id":1078,"date":"2019-01-10T11:00:47","date_gmt":"2019-01-10T11:00:47","guid":{"rendered":"http:\/\/www.riksforeningenpar.se\/?p=224"},"modified":"2026-04-09T20:10:02","modified_gmt":"2026-04-09T20:10:02","slug":"institutionsskador","status":"publish","type":"page","link":"https:\/\/par.equalsthlm.se\/index.php\/att-vara-patient-i-rattspsykiatrin\/institutionsskador\/","title":{"rendered":"Institutionsskador"},"content":{"rendered":"\n<p>En institutionsskada \u00e4r ett tillst\u00e5nd som p\u00e5verkar din m\u00f6jlighet att leva ett normalt liv utanf\u00f6r institutionen. Man har tittat p\u00e5 vilka faktorer det \u00e4r som kan ge institutionsskador. <br>F\u00f6ljande fem orsaker finns:<\/p>\n\n\n\n<h2 class=\"wp-block-heading\">Isolering<\/h2>\n\n\n\n<p>Att\nvara patient i r\u00e4ttspsykiatrin inneb\u00e4r att du isoleras fr\u00e5n omv\u00e4rlden. En\nr\u00e4ttspsykiatrisk klinik \u00e4r oftast det man kallar en \u201dtotal institution\u201d d\u00e4r\npatienter spenderar all sin tid p\u00e5 samma plats. Ni \u00e4ter, sover och tillbringar\nsin fritid under samma tak tillsammans. Friheten \u00e4r begr\u00e4nsad.<\/p>\n\n\n\n<p>Ni\nlever i ett subsamh\u00e4lle med speciella regler, v\u00e4rderingar och normer. Om du\nspenderar en l\u00e4ngre tid p\u00e5 en institution s\u00e5 ter sig dessa regler, normer och\nv\u00e4rderingar som de \u201dverkliga\u201d och det \u00f6vriga samh\u00e4llets regler, normer och\nv\u00e4rderingar f\u00f6rlorar sin betydelse. Med andra ord kan patienter tappa greppet\nom v\u00e4rlden utanf\u00f6r i och med isoleringen.<\/p>\n\n\n\n<h2 class=\"wp-block-heading\">Att tvingas lyda<\/h2>\n\n\n\n<p>En\npatient i r\u00e4ttspsykiatrin \u00e4r tvungen att f\u00f6lja de regler som finns p\u00e5\navdelningen. Detta inneb\u00e4r att du inte l\u00e4ngre kan best\u00e4mma \u00f6ver dig sj\u00e4lv. De\nregler som finns f\u00f6ljer inte alltid din syn p\u00e5 saker och ting vilket inneb\u00e4r\natt du kanske underkastar dig regler som du egentligen inte f\u00f6rst\u00e5r eller tror\np\u00e5.<\/p>\n\n\n\n<p>P\u00e5 en r\u00e4ttspsykiatrisk klinik finns det alltid personal n\u00e4rvarande. Det \u00e4r personalen som best\u00e4mmer vad patienter f\u00e5r g\u00f6ra och n\u00e4r. Du m\u00e5ste v\u00e4ldigt ofta be om lov innan du kan g\u00f6ra n\u00e5got vilket resulterar i att du \u00e4r undergiven personalen. Detta inneb\u00e4r att det finns en stor maktklyfta mellan personal och patient. Om du s\u00e4tter dig emot regler eller tills\u00e4gelser s\u00e5 \u00e4r risken stor att du f\u00e5r en bestraffning.<\/p>\n\n\n\n<h2 class=\"wp-block-heading\">Att inte f\u00e5 best\u00e4mma sj\u00e4lv<\/h2>\n\n\n\n<p>I r\u00e4ttspsykiatrin \u00e4r m\u00f6jligheten till egna initiativ sm\u00e5. Oftast \u00e4r dagarna inrutade och best\u00e4mda av personalen. Din dag \u00e4r ofta noga planerad med diverse uppgifter som du ska g\u00f6ra. Personalen har huvudansvaret f\u00f6r att schemat f\u00f6ljs. Det h\u00e4r resulterar i att du som patient s\u00e4llan beh\u00f6ver t\u00e4nka p\u00e5 vad som ska ske h\u00e4rn\u00e4st. Detta kan resultera i att du tappar din initiativf\u00f6rm\u00e5ga n\u00e4r du hela tiden lever efter ett visst m\u00f6nster d\u00e4r varje dag och fas \u00e4r noga planerad av n\u00e5gon annan. Du kan \u00e4ven f\u00f6rlora din f\u00f6rm\u00e5ga att planera p\u00e5 grund av detta.<\/p>\n\n\n\n<h2 class=\"wp-block-heading\">Att inte f\u00e5 vara en egen individ<\/h2>\n\n\n\n<p>Alla patienter p\u00e5 en r\u00e4ttspsykiatrisk klinik \u00e4r d\u00e4r av samma orsak. Vi har beg\u00e5tt ett brott pga av psykisk oh\u00e4lsa som ska behandlas.<\/p>\n\n\n\n<p>Samtliga\npatienter behandlas p\u00e5 liknade s\u00e4tt\np\u00e5 en institution och personalen ser dem som individer som ing\u00e5r i ett kollektiv.<\/p>\n\n\n\n<p>Du f\u00e5r inte beh\u00e5lla m\u00e5nga av dina personliga \u00e4godelar. Det finns forskare som menar att m\u00e4nniskor f\u00f6rknippar en del av sin personlighet med sina \u00e4godelar. Att dina tillh\u00f6righeter st\u00e5r i relation till din personlighet. Och n\u00e4r du inte l\u00e4ngre kan identifiera dig med dina egna \u00e4godelar utan f\u00e5r nya fr\u00e5n institutionen som alla patienter p\u00e5 institutionen har s\u00e5 p\u00e5verkar det din grad av individualitet.<\/p>\n\n\n\n<p>Du\n\u00e4r inte l\u00e4ngre en enskild individ utan ing\u00e5r i ett kollektiv d\u00e4r det finns\nsamma f\u00f6rv\u00e4ntningar p\u00e5 alla. Ni lever p\u00e5 ett liknade s\u00e4tt, syssels\u00e4tter er med\nsamma saker, behandlas likadant och har inte l\u00e4ngre m\u00f6jlighet att best\u00e4mma \u00f6ver\nera egna liv.<\/p>\n\n\n\n<h2 class=\"wp-block-heading\">Att inte f\u00e5 ta ansvar<\/h2>\n\n\n\n<p>I\ndet dagliga livet har man st\u00e4ndigt en massa ansvar. Man m\u00e5ste betala sina\nr\u00e4kningar, g\u00e5 till jobbet eller skolan, sk\u00f6ta om sitt hem och sig sj\u00e4lv.<\/p>\n\n\n\n<figure class=\"wp-block-image alignright is-resized\"><img decoding=\"async\" src=\"http:\/\/www.riksforeningenpar.se\/wp-content\/uploads\/2019\/01\/patient-citat3.png\" alt=\"\" class=\"wp-image-225\" style=\"width:340px;height:487px\"\/><\/figure>\n\n\n\n<p>P\u00e5 en institution har man\ninte detta ansvar. Allt man g\u00f6r blir\nman tilldelad. Tillsammans med de andra orsakerna kan det h\u00e4r g\u00f6ra att patienter\nslutar att bry sig.<\/p>\n\n\n\n<p>Det \u00e4r bekv\u00e4mt f\u00f6r stunden att l\u00e5ta andra ta det ansvar som du sj\u00e4lv borde ta. Men i f\u00f6rl\u00e4ngningen kommer det att utg\u00f6ra ett hinder f\u00f6r dig p\u00e5 v\u00e4gen mot friheten. <\/p>\n\n\n\n<h2 class=\"wp-block-heading\">Sammanfattning<\/h2>\n\n\n\n<p>Patienter\nsom sitter p\u00e5 en institution k\u00e4nner sig ofta inte delaktiga i samh\u00e4llet.\nPatienter som \u00e4r p\u00e5 sjukhus under en l\u00e5ng tid kan b\u00f6rja se avdelningen som den\n\u201dverkliga\u201d v\u00e4rlden. Detta g\u00f6r att en del patienter k\u00e4nner sig skr\u00e4mda av att\nl\u00e4mna institutionen.<\/p>\n\n\n\n<p>Om\ndu efter utskrivningen inte kan f\u00f6lja de normer och regler som finns i\nsamh\u00e4llet, k\u00e4nner dig undergiven, inte har n\u00e5gon initiativf\u00f6rm\u00e5ga, inte k\u00e4nner\ndig individuell och inte kan ta ansvar s\u00e5 f\u00e5r du v\u00e4ldigt sv\u00e5rt att klara dig\nutanf\u00f6r sjukhuset.<\/p>\n","protected":false},"excerpt":{"rendered":"<p>En institutionsskada \u00e4r ett tillst\u00e5nd som p\u00e5verkar din m\u00f6jlighet att leva ett normalt liv utanf\u00f6r institutionen.<\/p>\n","protected":false},"author":1,"featured_media":0,"parent":1069,"menu_order":0,"comment_status":"closed","ping_status":"closed","template":"","meta":{"_acf_changed":false,"footnotes":""},"class_list":["post-1078","page","type-page","status-publish","hentry"],"acf":[],"_links":{"self":[{"href":"https:\/\/par.equalsthlm.se\/index.php\/wp-json\/wp\/v2\/pages\/1078","targetHints":{"allow":["GET"]}}],"collection":[{"href":"https:\/\/par.equalsthlm.se\/index.php\/wp-json\/wp\/v2\/pages"}],"about":[{"href":"https:\/\/par.equalsthlm.se\/index.php\/wp-json\/wp\/v2\/types\/page"}],"author":[{"embeddable":true,"href":"https:\/\/par.equalsthlm.se\/index.php\/wp-json\/wp\/v2\/users\/1"}],"replies":[{"embeddable":true,"href":"https:\/\/par.equalsthlm.se\/index.php\/wp-json\/wp\/v2\/comments?post=1078"}],"version-history":[{"count":2,"href":"https:\/\/par.equalsthlm.se\/index.php\/wp-json\/wp\/v2\/pages\/1078\/revisions"}],"predecessor-version":[{"id":1110,"href":"https:\/\/par.equalsthlm.se\/index.php\/wp-json\/wp\/v2\/pages\/1078\/revisions\/1110"}],"up":[{"embeddable":true,"href":"https:\/\/par.equalsthlm.se\/index.php\/wp-json\/wp\/v2\/pages\/1069"}],"wp:attachment":[{"href":"https:\/\/par.equalsthlm.se\/index.php\/wp-json\/wp\/v2\/media?parent=1078"}],"curies":[{"name":"wp","href":"https:\/\/api.w.org\/{rel}","templated":true}]}}