{"id":1082,"date":"2019-01-10T10:02:42","date_gmt":"2019-01-10T10:02:42","guid":{"rendered":"http:\/\/www.riksforeningenpar.se\/?p=235"},"modified":"2026-04-09T20:09:20","modified_gmt":"2026-04-09T20:09:20","slug":"fordomar-stigmatisering-och-sjalvstigma","status":"publish","type":"page","link":"https:\/\/par.equalsthlm.se\/index.php\/att-vara-patient-i-rattspsykiatrin\/fordomar-stigmatisering-och-sjalvstigma\/","title":{"rendered":"F\u00f6rdomar, stigmatisering och sj\u00e4lvstigma"},"content":{"rendered":"\n<p>Det finns mycket f\u00f6rdomar i samh\u00e4llet om hur r\u00e4ttspsykpatienter \u00e4r. Mycket r\u00e4dsla. M\u00e5nga tror att alla patienter \u00e4r farliga, att alla har beg\u00e5tt grova v\u00e5ldsbrott, att alla patienter \u00e4r som Hannibal Lector, skr\u00e4mmande och of\u00f6ruts\u00e4gbara. Det \u00e4r inte underligt att f\u00f6rdomar och r\u00e4dslor kring r\u00e4ttspsykiatrin uppkommer och sprids. F\u00f6rdomar uppst\u00e5r i okunskap.<\/p>\n\n\n\n<p>Och f\u00f6r de allra flesta \u00e4r r\u00e4ttspsykiatrin helt ok\u00e4nd. Insynen \u00e4r minimal och det \u00e4r trots allt en r\u00e4tt liten grupp personer det g\u00e4ller \u2013 cirka 2000 patienter finns i r\u00e4ttspsykiatrin om man r\u00e4knar b\u00e5de sluten- och \u00f6ppenv\u00e5rd.<\/p>\n\n\n\n<p>F\u00f6rdomar mot en grupp leder ofta till stigmatisering av personer som tillh\u00f6r gruppen. Stigmatisering inneb\u00e4r att samh\u00e4llet i stort ger en viss grupp negativa egenskaper. Det inneb\u00e4r att man p\u00e5 grund av f\u00f6rdomar och okunskap undviker att leva, umg\u00e5s, arbeta med eller anst\u00e4lla personer som har psykiska funktionshinder i allm\u00e4nhet och som suttit p\u00e5 r\u00e4ttspsyk i \u00e4n h\u00f6gre grad.<\/p>\n\n\n\n<p>P\u00e5\nstigmatisering f\u00f6ljer ofta diskriminering. Diskriminering \u00e4r en handling eller\nen ickehandling som kan handla om en ovilja att ge bist\u00e5nd, arbete, bostad m.m.<\/p>\n\n\n\n<p>Ibland b\u00f6rjar man som patient att stigmatisera sig sj\u00e4lv. Sj\u00e4lvstigmatisering inneb\u00e4r att man tar till sig och accepterar omgivningens f\u00f6rdomar. Det h\u00e4r kan leda till att man inte s\u00f6ker hj\u00e4lp f\u00f6r sina problem p\u00e5 grund av skamk\u00e4nslor och d\u00e5ligt sj\u00e4lvf\u00f6rtroende. Man avst\u00e5r kanske fr\u00e5n att s\u00f6ka arbete, ta kontakt med v\u00e5rden, avbryter behandling eller undviker sociala sammanhang p\u00e5 grund av ett f\u00f6rv\u00e4ntat hot om kr\u00e4nkning eller diskriminering. Man krymper det egna livsutrymmet.<\/p>\n\n\n\n<p>P\u00e5 senare \u00e5r attityderna mot m\u00e4nniskor med psykisk oh\u00e4lsa, i takt med att antalet diagnoser \u00f6kar, f\u00f6rb\u00e4ttrats. Trots det finns det inte s\u00e4rskilt m\u00e5nga personer som \u00f6ppet vill ber\u00e4tta att de varit eller \u00e4r patienter i r\u00e4ttspsykiatrin. Det \u00e4r fortfarande skamligt. <\/p>\n\n\n\n<p>I\nnul\u00e4get, n\u00e4r situationen ser ut som den g\u00f6r, \u00e4r det kanske en bra strategi att\nh\u00e5lla tyst om att man har suttit p\u00e5 r\u00e4ttspsyk. Men det \u00e4r ocks\u00e5 viktigt att\nvara vaksam mot sig sj\u00e4lv s\u00e5 att man inte b\u00f6rjar begr\u00e4nsa sitt eget liv f\u00f6r att\nman tror\n\natt\nomgivningen ska tycka saker eller behandla en d\u00e5ligt.\n\n\n\n<\/p>\n","protected":false},"excerpt":{"rendered":"<p>Det finns mycket f\u00f6rdomar i samh\u00e4llet om hur r\u00e4ttspsykpatienter \u00e4r. Mycket r\u00e4dsla. M\u00e5nga tror att alla patienter \u00e4r farliga, att alla har beg\u00e5tt grova v\u00e5ldsbrott, att alla patienter \u00e4r som Hannibal Lector<\/p>\n","protected":false},"author":1,"featured_media":0,"parent":1069,"menu_order":0,"comment_status":"closed","ping_status":"closed","template":"","meta":{"_acf_changed":false,"footnotes":""},"class_list":["post-1082","page","type-page","status-publish","hentry"],"acf":[],"_links":{"self":[{"href":"https:\/\/par.equalsthlm.se\/index.php\/wp-json\/wp\/v2\/pages\/1082","targetHints":{"allow":["GET"]}}],"collection":[{"href":"https:\/\/par.equalsthlm.se\/index.php\/wp-json\/wp\/v2\/pages"}],"about":[{"href":"https:\/\/par.equalsthlm.se\/index.php\/wp-json\/wp\/v2\/types\/page"}],"author":[{"embeddable":true,"href":"https:\/\/par.equalsthlm.se\/index.php\/wp-json\/wp\/v2\/users\/1"}],"replies":[{"embeddable":true,"href":"https:\/\/par.equalsthlm.se\/index.php\/wp-json\/wp\/v2\/comments?post=1082"}],"version-history":[{"count":2,"href":"https:\/\/par.equalsthlm.se\/index.php\/wp-json\/wp\/v2\/pages\/1082\/revisions"}],"predecessor-version":[{"id":1109,"href":"https:\/\/par.equalsthlm.se\/index.php\/wp-json\/wp\/v2\/pages\/1082\/revisions\/1109"}],"up":[{"embeddable":true,"href":"https:\/\/par.equalsthlm.se\/index.php\/wp-json\/wp\/v2\/pages\/1069"}],"wp:attachment":[{"href":"https:\/\/par.equalsthlm.se\/index.php\/wp-json\/wp\/v2\/media?parent=1082"}],"curies":[{"name":"wp","href":"https:\/\/api.w.org\/{rel}","templated":true}]}}