{"id":394,"date":"2019-01-22T15:26:01","date_gmt":"2019-01-22T15:26:01","guid":{"rendered":"http:\/\/www.riksforeningenpar.se\/?p=360"},"modified":"2026-04-09T20:37:08","modified_gmt":"2026-04-09T20:37:08","slug":"allmant-om-rattspsykiatri","status":"publish","type":"page","link":"https:\/\/par.equalsthlm.se\/index.php\/rattspsykiatrin-sa-funkar-den-i-vardagen\/allmant-om-rattspsykiatri\/","title":{"rendered":"Allm\u00e4nt om r\u00e4ttspsykiatri"},"content":{"rendered":"\n<p><em>Varje \u00e5r befinner sig cirka 2000 patienter inskrivna i r\u00e4ttspsykiatrisk v\u00e5rd.<\/em><\/p>\n\n\n\n<p>De flesta, 1300 \u2013 1400, v\u00e5rdas i slutenv\u00e5rd. Resterande i \u00f6ppen\nr\u00e4ttspsykiatrisk v\u00e5rd. Den r\u00e4ttspsykiatriska v\u00e5rden bedrivs p\u00e5 25 olika\nkliniker eller enheter runt om i landet. Det finns fem regionkliniker, V\u00e4xj\u00f6,\nVadstena, Karsudden, S\u00e4ter och Sundsvall d\u00e4r regioner som saknar egen\nr\u00e4ttspsykiatri kan k\u00f6pa platser. P\u00e5 dessa kliniker finns extra resurser och\nf\u00f6rst\u00e4rkt s\u00e4kerhet i form av skalskydd. De har samma s\u00e4kerhetsniv\u00e5 som\nf\u00e4ngelser och kan d\u00e4rf\u00f6r ta emot intagna i kriminalv\u00e5rden som m\u00e5r psykiskt\nd\u00e5ligt.<\/p>\n\n\n\n<p>Ett v\u00e5rddygn i r\u00e4ttspsykiatrisk slutenv\u00e5rd kostar fr\u00e5n 5000 kronor och upp\u00e5t. Det betyder att enbart den r\u00e4ttspsykiatriska slutenv\u00e5rden kostar cirka 2.5 miljarder varje \u00e5r. Till detta skall sedan l\u00e4ggas kostnader f\u00f6r r\u00e4ttspsykiatriska unders\u00f6kningar, \u00f6ppen r\u00e4ttspsykiatrisk v\u00e5rd och f\u00f6rvaltningsdomstolar. Man kan lugnt s\u00e4ga att r\u00e4ttspsykiatri \u00e4r en kostsam v\u00e5rdform.<\/p>\n\n\n\n<p><\/p>\n","protected":false},"excerpt":{"rendered":"<p>Varje \u00e5r befinner sig cirka 2000 patienter inskrivna i r\u00e4ttspsykiatrisk v\u00e5rd.<\/p>\n","protected":false},"author":1,"featured_media":0,"parent":954,"menu_order":1,"comment_status":"closed","ping_status":"closed","template":"","meta":{"_acf_changed":false,"footnotes":""},"class_list":["post-394","page","type-page","status-publish","hentry"],"acf":[],"_links":{"self":[{"href":"https:\/\/par.equalsthlm.se\/index.php\/wp-json\/wp\/v2\/pages\/394","targetHints":{"allow":["GET"]}}],"collection":[{"href":"https:\/\/par.equalsthlm.se\/index.php\/wp-json\/wp\/v2\/pages"}],"about":[{"href":"https:\/\/par.equalsthlm.se\/index.php\/wp-json\/wp\/v2\/types\/page"}],"author":[{"embeddable":true,"href":"https:\/\/par.equalsthlm.se\/index.php\/wp-json\/wp\/v2\/users\/1"}],"replies":[{"embeddable":true,"href":"https:\/\/par.equalsthlm.se\/index.php\/wp-json\/wp\/v2\/comments?post=394"}],"version-history":[{"count":4,"href":"https:\/\/par.equalsthlm.se\/index.php\/wp-json\/wp\/v2\/pages\/394\/revisions"}],"predecessor-version":[{"id":961,"href":"https:\/\/par.equalsthlm.se\/index.php\/wp-json\/wp\/v2\/pages\/394\/revisions\/961"}],"up":[{"embeddable":true,"href":"https:\/\/par.equalsthlm.se\/index.php\/wp-json\/wp\/v2\/pages\/954"}],"wp:attachment":[{"href":"https:\/\/par.equalsthlm.se\/index.php\/wp-json\/wp\/v2\/media?parent=394"}],"curies":[{"name":"wp","href":"https:\/\/api.w.org\/{rel}","templated":true}]}}